Calculate the greatest common factor of 32 and l.
32
Let q = 50 - 14. Suppose 3*i - q = 2*i. Let s(k) = -k**2 - 6*k - 1. Let v be s(-5). What is the highest common divisor of v and i?
4
Suppose 200 = y - 0*y. What is the highest common factor of y and 20?
20
Suppose 4 - 20 = -2*h. Let w = -170 - -97. Let i = w + 145. Calculate the highest common divisor of h and i.
8
Let p(l) = 17*l - 20. Let c be p(2). Calculate the greatest common divisor of 21 and c.
7
Let w be -6*(0 - 3)*8. What is the highest common divisor of w and 16?
16
Let h(w) = w**3 + 17*w**2 + 16*w + 6. Let g be h(-16). What is the greatest common divisor of 6 and g?
6
Let h(q) = q + 11. Let w be h(-8). What is the highest common divisor of 12 and w?
3
Let r(p) = -p**3 - p - 6. Let c be r(0). Let x = c + 15. Suppose -b + x = 2*b. Calculate the highest common divisor of 27 and b.
3
Let t = 87 - 23. What is the highest common divisor of 8 and t?
8
Let o(b) = -7*b - 1. Let x be o(-1). Let c = 11 + x. Suppose 3*k - 56 + c = -5*l, l + 9 = 5*k. Calculate the highest common divisor of 9 and l.
3
Let l(h) = 11*h - 1. Let o be l(6). Let p be (1 + 2)*(o - 2). Calculate the highest common factor of 21 and p.
21
Let p = -8 + 14. Let o be 0 - 3 - (-440)/2. Let y be (-12)/48 - o/(-4). What is the greatest common divisor of y and p?
6
Let t = -10 - -30. Suppose 0 = -r - r + t. Let u = 11 + -1. What is the highest common divisor of r and u?
10
Let m = 94 + -71. Calculate the highest common divisor of 46 and m.
23
Suppose j + 2*x + 5 = 3, -4*x - 4 = -2*j. Suppose j = -3*c - 2*c + 880. Calculate the greatest common factor of 22 and c.
22
Let q be 3/((-3)/(-20)) + 0. Calculate the greatest common divisor of 4 and q.
4
Suppose 2458 = 5*k + 3*g, -2*k + 1477 = k + 4*g. Suppose -4*p + 4*j + 408 = 0, 4*p = -5*j + k - 110. Calculate the highest common factor of p and 11.
11
Let t(z) = 4*z + 16. Let m(u) = u + 1. Let f(i) = -6*m(i) + t(i). Let k be f(0). Calculate the greatest common factor of 70 and k.
10
Let m(a) = -a**3 + 7*a**2 - 4*a - 10. Let f be m(6). What is the greatest common divisor of f and 6?
2
Let z(s) = s + 7. Let n be z(-5). Let d = n + 0. Let h be 5 - 2/6*0. What is the highest common divisor of h and d?
1
Suppose 3*f - p - 4 = 0, -26 = -5*f - 5*p + 14. Suppose 0 = -f*d + 141 + 294. Let s = -100 + d. What is the greatest common factor of 9 and s?
9
Let a(t) = -4*t - 4. Suppose x + x + 18 = -l, 24 = -2*l - x. Let c be a(l). What is the greatest common divisor of 9 and c?
9
Let f(m) = m**3 + m**2 + m + 2. Let x be f(2). Suppose i = 2 + 6. What is the greatest common divisor of x and i?
8
Let w = 59 + 101. Suppose 4*f + 3*u = w, 61 = 3*f - 2*u - 59. What is the greatest common factor of 16 and f?
8
Suppose -5*l + 12 = -2*a, 3*a + 4 = 5*l - 4. Suppose -l*z - 6*y = -2*y - 20, 3 = z + 3*y. What is the highest common divisor of z and 1?
1
Let j(q) = -13*q + 4. Let b be j(-7). Let o be (1 - (-41)/1) + (-44)/11. What is the greatest common factor of o and b?
19
Let y(z) = -z**2 + z + 1. Let i be y(3). Let p(r) = -2*r + 4. Let d be p(i). What is the highest common divisor of 42 and d?
14
Let c = 17 - -25. Let n(f) = -f**3 + 4*f**2 + 3*f - 6. Let s be n(4). What is the highest common divisor of c and s?
6
Suppose -2*m + 106 = 3*z, 5*m - z + 8 - 256 = 0. Let w be 20/60 - (-58)/6. What is the greatest common divisor of m and w?
10
Let i = 8 + 1. Calculate the highest common divisor of 72 and i.
9
Let f be 40 + 2 + -2 + -4. Suppose -5*m = -8 - 37. Calculate the highest common factor of f and m.
9
Suppose 0 = -2*g + 5*r + 22, 0*r = 5*g - 2*r - 76. What is the highest common divisor of g and 24?
8
Suppose -5*b = -3*r + 27, 3*b = -3*r + 4*b + 27. What is the highest common divisor of 81 and r?
9
Suppose -27*x + 31*x = 16. Calculate the greatest common factor of x and 16.
4
Let n(l) = l**2 - 2*l + 72. Let a be n(0). Calculate the greatest common divisor of a and 12.
12
Suppose 4*u - 21 + 7 = -p, 4*u - 18 = p. Suppose 5*i + 5*r - 380 = i, u*i = -4*r + 380. Let c = 183 - i. What is the greatest common divisor of 22 and c?
22
Suppose 0 = 3*a - j - 118, a = -3*a + 2*j + 156. What is the highest common divisor of a and 80?
40
Let k(o) = -12*o - 37. Let w be k(-11). Calculate the highest common divisor of 38 and w.
19
Suppose -c = -4*c. Suppose -4*t - m + 5*m + 80 = c, -4*t + 60 = m. What is the greatest common divisor of 40 and t?
8
Suppose 2*l + 5*o - 51 = 0, l + 4*o - 66 = -2*l. Let t be (-1)/5 - (-269)/(-5). Let u = t - -99. What is the highest common factor of l and u?
9
Suppose 0 = 3*c - 11 - 16. Let a(g) = -g**2 + 11*g - 15. Let f be a(c). What is the highest common factor of 3 and f?
3
Let o = -95 + 149. Suppose -o = -3*c + 42. Calculate the greatest common factor of c and 8.
8
Let v be 8/6*-13*-3. Let t = 81 + -3. What is the greatest common divisor of v and t?
26
Let z = 0 + 0. Suppose 0 = -z*d - 2*d + 16. Suppose -r = 5*g - 5 - 8, 3*g - 2*r = 0. Calculate the greatest common divisor of g and d.
2
Suppose -2 = 5*i - 4*w, -7 = -2*i + 3*i - 3*w. Suppose 4*k - i = 38. Calculate the highest common factor of k and 5.
5
Let t = 26 + -1. Let f be (-3)/(-1 + -5)*10. Calculate the greatest common divisor of f and t.
5
Let i be -3 + (-279)/(-6)*2. What is the greatest common factor of i and 10?
10
Let x = -11 + 15. Let n(l) = l**3 - 3*l**2 - 3*l + 3. Let w be n(x). Let r = -14 - -15. What is the greatest common factor of w and r?
1
Suppose -2*t - 10 = 2. Let h = t - -30. Let r = h - 9. Calculate the greatest common divisor of r and 75.
15
Let w(q) = q**2 + 10*q + 22. Let u be w(-10). Calculate the highest common divisor of u and 11.
11
Let p be (-20 - -2)*4/(-2). Suppose -14 - 6 = -4*d. Suppose d*m - 2*k - 30 = 0, 0 = -m + 4*k + k + 6. Calculate the highest common factor of p and m.
6
Suppose 339 = 4*h + 39. Calculate the highest common divisor of 15 and h.
15
Let w(z) = 4*z**2 - z - 1. Let f be -1*(-1)/1*-1. Let q be w(f). Calculate the greatest common divisor of 20 and q.
4
Let s(r) = 4*r**3 + r**2 - r. Let o be s(1). Suppose b + v + v = 173, 0 = 2*b - o*v - 314. Let u = 38 - 23. What is the highest common factor of b and u?
15
Let h(d) = d**2 - 3*d + 2. Let c be h(-5). Let l = -82 + 88. Calculate the greatest common divisor of l and c.
6
Suppose 135 = 4*i - 1. Let n = i - 19. Calculate the highest common divisor of n and 45.
15
Let o(h) = 2*h**3 + h**2 - h - 3. Let a be o(2). Calculate the greatest common factor of a and 15.
15
Suppose 6*s - 3*s - r = 61, 0 = -3*s - 4*r + 71. Calculate the highest common divisor of 14 and s.
7
Suppose -c + 3 + 0 = 0. Suppose -7 = -c*w + 5. Suppose -w*v + 46 = -2. Calculate the highest common factor of v and 4.
4
Let l = -18 - -23. Suppose 30 = l*c - 4*c. What is the highest common factor of c and 75?
15
Suppose -3*s = 3*s + 138. Let n(g) = g**2 - g + 6. Let t be n(6). Let v = s + t. What is the greatest common factor of v and 26?
13
Suppose -5*i + 3*g = -19, -3*i + 5 = -g - 8. Calculate the greatest common divisor of 25 and i.
5
Let n = 4 + -2. Let l be n/(-8) - (-45)/(-12). Let h = l + 6. What is the greatest common divisor of h and 10?
2
Let h(x) = 3*x - 6*x - 8 + 5*x. Let n be h(6). What is the highest common factor of n and 1?
1
Let v = 6 + -1. Let b = v - 3. Let h(q) = 12*q - 10. Let n be h(2). Calculate the highest common factor of n and b.
2
Let b = 40 - 72. Let p be (-4)/(b/(-84))*-6. Let x be ((-14)/(-8))/(1/4). What is the highest common divisor of x and p?
7
Let h be (4 - 1)*66/9. Let s = -33 + 77. Calculate the highest common divisor of h and s.
22
Suppose 5*a = 5*b - 125, 2*b = -2*a - 26 + 84. Calculate the greatest common divisor of 9 and b.
9
Let s(q) be the third derivative of 0*q + 0 - 1/6*q**3 - 15/8*q**4 + 2*q**2. Let b be s(-1). What is the highest common factor of b and 4?
4
Let v = 2 + 2. Suppose -4*a + 2*g = -2*g - 28, -3*g = v*a - 63. Let c be ((-2)/4)/((-1)/24). What is the highest common factor of a and c?
12
Let d be 6 + (-4 - -1) + -1. Let f be d + 3 + 5/1. What is the greatest common divisor of f and 25?
5
Let o be (-4)/6 + 8/3. Suppose -3*f + 4*p + 8 = 0, 3 = 5*p - o. Suppose -d = d - 12. What is the highest common factor of d and f?
2
Let i(z) = z**3. Let b be i(2). Suppose b*a = 11*a - 108. Calculate the highest common factor of a and 54.
18